(k) = 13*k**3 - 25*k**2 + 35*k - 96. Determine y(3).
135
Let h(r) = -39*r - 10101. Calculate h(-224).
-1365
Let d(y) = -9*y**3 + 189*y**2 - 12*y + 256. Give d(21).
4
Let i(d) = -4*d**3 + 50*d**2 - 13*d + 28. Calculate i(13).
-479
Let z(s) = s**2 + 381*s + 7865. What is z(-22)?
-33
Let i(u) = -623*u - 15576. What is i(-25)?
-1
Let z(o) = -4*o**2 - 180*o - 524. Give z(0).
-524
Let s(o) = -12*o**2 + 196*o + 1120. Calculate s(-7).
-840
Let y(n) = n**2 + 33*n - 1856. Determine y(30).
34
Let u(n) = -n**2 - 4779*n - 273826. Determine u(-58).
-8
Let p(z) = 289*z + 15787. Determine p(-50).
1337
Let b(d) = -42*d**2 + 13850*d - 83140. Calculate b(6).
-1552
Let c(x) = -4558*x - 1403882. What is c(-308)?
-18
Let m(k) = 19498*k + 760423. Determine m(-39).
1
Let t(g) = 5*g**3 - 15*g**2 - 36*g + 81. What is t(2)?
-11
Let l(b) = -5*b**2 - 9*b - 511. What is l(-14)?
-1365
Let r(z) = 960*z - 18338. What is r(19)?
-98
Let m(r) = -4*r**2 + 5813*r - 1583777. What is m(1090)?
-7
Let b(u) = -3*u**2 + 409*u + 22929. What is b(179)?
17
Let w(i) = i**3 - 53*i**2 - 286*i + 6573. Give w(56).
-35
Let q(p) = 3*p**3 - 19*p**2 - 883*p + 5342. Determine q(6).
8
Let h(l) = -3488*l + 24414. Determine h(7).
-2
Let n(p) = 5*p**3 - 33*p**2 + 221*p - 258. Give n(6).
960
Let c(g) = 130*g**2 - 1400*g - 120. Determine c(11).
210
Let o(v) = -228*v**2 - 59*v - 2. Calculate o(0).
-2
Let b(w) = -w**3 - 163*w**2 - 119*w + 4672. Give b(-162).
-2294
Let q(u) = u**3 - 6*u**2 - 557*u + 446. Calculate q(-21).
236
Let c(i) = 2*i**3 - 29*i**2 + i + 1697. Calculate c(0).
1697
Let a(s) = -s**3 - 118*s**2 - 20*s - 2485. Calculate a(-118).
-125
Let j(k) = -2*k**3 - 25*k**2 + 26*k + 229. What is j(-13)?
60
Let m(s) = -3773*s - 11473. What is m(-3)?
-154
Let g(p) = -159541*p - 18506754. What is g(-116)?
2
Let s(v) = v**3 - 58*v**2 - 116*v - 446. Determine s(60).
-206
Let g(v) = -v**2 - 711*v + 37175. Calculate g(49).
-65
Let b(k) = -4*k**2 - 2706*k - 22707. What is b(-668)?
5
Let n(y) = y**3 + 46*y**2 + 412*y + 111. Calculate n(-13).
332
Let i(s) = s**3 + 21*s**2 - 26775*s + 30621. Give i(-175).
-4
Let v(p) = 9*p**3 - 324*p**2 + 410*p - 14755. Give v(36).
5
Let a(m) = m**3 - 24*m**2 + 288*m - 3672. What is a(19)?
-5
Let r(j) = -872*j**2 + 196*j - 195. What is r(1)?
-871
Let v(p) = -9*p**3 - 13*p**2 + 94*p + 147. Determine v(-5).
477
Let w(b) = 264*b - 3928. Give w(7).
-2080
Let m(u) = u**3 - u**2 - 324*u - 263. What is m(19)?
79
Let j(z) = -z**3 + 108*z**2 - 268*z + 5917. What is j(106)?
-19
Let d(r) = 200*r + 3349. What is d(-20)?
-651
Let y(x) = -1610*x - 3035. What is y(-1)?
-1425
Let o(h) = -h**3 - 18*h**2 + 417*h + 7475. Give o(-20).
-65
Let p(z) = 11*z**3 - 120*z**2 - 213*z + 732. Give p(-3).
-6
Let l(b) = -59*b + 645. What is l(-4)?
881
Let w(a) = 7*a**2 - 43*a - 170. Calculate w(-6).
340
Let y(o) = 58*o + 2479. Determine y(-43).
-15
Let t(x) = x**3 + 38*x**2 + 83*x + 21. Give t(-35).
791
Let v(x) = -384569*x + 1538282. What is v(4)?
6
Let w(v) = 693*v + 8578. What is w(-13)?
-431
Let x(j) = 404*j**2 + 3875*j - 46. What is x(-10)?
1604
Let p(m) = 5*m**3 + 50*m**2 - 118*m - 101. Give p(-12).
-125
Let y(a) = 279*a + 3902. What is y(-15)?
-283
Let x(b) = 587*b - 4606. Calculate x(5).
-1671
Let a(z) = -3*z**2 - 492*z + 29002. Calculate a(46).
22
Let c(l) = l**2 + 318*l + 19495. What is c(-87)?
-602
Let m(v) = v**2 + 162*v + 3722. Determine m(-28).
-30
Let a(b) = -b**3 - 20*b**2 + 9308*b - 161. Calculate a(-107).
-54
Let c(q) = q**3 - 32*q**2 + 2598*q - 69609. What is c(28)?
-1
Let d(m) = 29714*m - 148539. Give d(5).
31
Let g(k) = -5*k**3 + k**2 - 90*k - 1094. What is g(-5)?
6
Let q(r) = r**3 - 7*r**2 + 156984*r - 470921. What is q(3)?
-5
Let f(j) = -22947*j + 5071292. Calculate f(221).
5
Let b(a) = 2053*a - 38510. What is b(18)?
-1556
Let c(u) = 58*u**2 + 5321*u - 21256. What is c(4)?
956
Let h(x) = 21*x**2 + 493*x - 150. What is h(-24)?
114
Let v(u) = -2*u**3 - 7*u**2 + 107*u - 8. Calculate v(0).
-8
Let l(j) = 3*j**2 - 3629*j + 911715. Give l(356).
-1
Let i(o) = 1207*o + 145042. What is i(-120)?
202
Let o(f) = f**2 + 94*f + 983. Calculate o(-88).
455
Let m(o) = 615*o - 1869. What is m(6)?
1821
Let a(x) = -x**3 - 84*x**2 - 93*x + 23853. Determine a(-79).
-5
Let g(y) = -2*y**3 - 47*y**2 - 121*y + 382. Give g(-20).
2
Let n(y) = 6*y**3 - 34690*y**2 - 34692*y + 1. What is n(-1)?
-3
Let w(f) = -13*f**3 - 853*f**2 - 1349*f - 190. Determine w(-64).
130
Let b(g) = -919*g - 7624. Calculate b(-9).
647
Let c(b) = -b**2 + 13635*b - 81750. Give c(6).
24
Let u(s) = s**3 + 41*s**2 - 66*s + 767. Calculate u(-43).
-93
Let w(z) = -z**2 + 8817*z + 514763. Determine w(-58).
13
Let z(q) = -q**3 + 89*q - 55. Calculate z(0).
-55
Let i(g) = -g**3 - 8*g**2 + 31858*g + 413302. Determine i(-13).
-7
Let d(t) = -60*t**2 + 286*t - 1671. Calculate d(6).
-2115
Let h(w) = 8517*w - 16752. Give h(2).
282
Let p(g) = -7*g**2 + 1900*g - 59926. Calculate p(235).
-1
Let g(u) = -3555*u + 327. Give g(1).
-3228
Let s(l) = -16372*l + 36149384. Give s(2208).
8
Let c(x) = -25*x + 564. Give c(13).
239
Let q(o) = -4*o**3 - 308*o**2 + 258*o - 4212. Give q(-78).
0
Let i(m) = -m**3 + 1340*m**2 + 2700*m + 47. Calculate i(-2).
15
Let p(r) = -r**3 - 34*r**2 + 173*r - 149. Calculate p(-40).
2531
Let d(x) = 10*x**2 - 37*x - 843. Determine d(-10).
527
Let z(p) = 1622*p + 2963. What is z(-2)?
-281
Let l(k) = 10*k**2 + 394*k + 537. Give l(-38).
5
Let p(j) = -36*j**2 - 673*j + 17. Determine p(-19).
-192
Let t(w) = -2*w**2 - 1554*w + 61935. What is t(38)?
-5
Let r(d) = 3*d**3 + 299*d**2 + 5080*d + 780. Determine r(-78).
0
Let y(a) = 4506*a - 108117. What is y(24)?
27
Let y(d) = -d**3 - 138*d**2 - 314*d - 5691. What is y(-136)?
21
Let h(t) = -2*t**2 + 4630*t + 9262. Calculate h(-2).
-6
Let l(m) = -52*m + 853. Give l(-22).
1997
Let t(a) = -3*a**2 + 513*a - 19655. Determine t(58).
7
Let p(j) = -j**2 + 3843*j - 53668. Determine p(14).
-62
Let z(x) = x**2 + 68*x + 473. What is z(-60)?
-7
Let h(f) = -4538*f - 1524. Calculate h(-1).
3014
Let r(x) = -2*x**3 - 10*x**2 + 155*x + 14. Calculate r(5).
289
Let w(a) = -6*a**2 - 812*a - 12087. Calculate w(-15).
-1257
Let l(g) = -10*g**2 - 1185*g + 15609. What is l(12)?
-51
Let i(v) = v**3 + 23*v**2 + 50*v + 364. What is i(-7)?
798
Let f(i) = -499*i + 6999. Determine f(14).
13
Let k(x) = x**2 + 198*x + 3415. Calculate k(-19).
14
Let m(t) = -t**3 - 6*t**2 - 52*t - 249. What is m(-5)?
-14
Let k(n) = -n**2 - 376*n + 25036. What is k(58)?
-136
Let v(z) = 5616*z + 870484. What is v(-155)?
4
Let r(a) = a**3 - 69*a**2 + 506*a - 211. Calculate r(8).
-67
Let q(m) = 1344*m + 46851. Give q(-35).
-189
Let k(b) = 189*b**3 + 3*b**2 + 107*b + 106. Give k(-1).
-187
Let g(v) = -10*v**2 - 860*v + 34. Calculate g(-86).
34
Let u(a) = 56*a - 10128. Calculate u(221).
2248
Let t(q) = q**3 + 17*q**2 - 11860*q - 201575. Calculate t(-17).
45
Let t(r) = -2*r**2 - 84*r - 819. Give t(-13).
-65
Let u(g) = 434*g + 7777. Determine u(-18).
-35
Let a(b) = b**3 - 5*b**2 - 15*b + 1399. Calculate a(-10).
49
Let c(a) = -7*a**2 + 890*a - 11174. Give c(14).
-86
Let b(m) = -20*m**2 - 1544*m + 8192. Determine b(5).
-28
Let j(z) = -196*z**2 - 1982*z + 4750. Calculate j(2).
2
Let x(j) = j**3 + 178*j**2 + 6554*j + 266. Give x(-126).
14
Let s(b) = -168992*b + 2365887. Give s(14).
-1
Let w(t) = 152*t - 25708. What is w(169)?
-20
Let f(a) = -5*a**3 - 63*a**2 - 3467*a - 45395. Determine f(-13).
14
Let n(p) = -4*p**3 + 21*p**2 + 511*p - 4516. Give n(9).
-1132
Let z(p) = 2*p**2 - 1155*p + 12586. What is z(11)?
123
Let n(s) = s**2 + 66*s + 1294. Determine n(-44).
326
Let t(y) = -y**3 + 158*y**2 + 127*y + 5315. Calculate t(159).
227
Let n(r) = -36*r**2 - 22210*r + 23495. Determine n(-618).
11
Let p(l) = -l**3 + 124*l**2 - 3239*l - 2947. Give p(86).
-453
Let a(u) = -630*u + 1743. Calculate a(1).
1113
Let q(p) = p**3 + 38*p**2 + 223*p - 327. Give q(-9).
15
Let l(m) = -m**2 - 652*m - 69811. Calculate l(-135).
-16
Let r(l) = 219310*l - 1973810. Calculate r(9).
-20
Let v(m) = -40*m**2 + 2223*m + 1725. Determine v(57).
-1524
Let d(s) = -638*s + 11666. Determine d(18).
182
Let i(f) = 2*f**3 + 109*f**2 - 161*f + 151. Calculate i(-56).
-241
Let r(s) = -s**3 - 25*s**2 + 2205*s + 571. Give r(-61).
22
Let q(h) = -141*h**2 + 9016*h + 229. What is q(64)?
-283
Let q(u) = 13*u**2 + 165*u -